10243
What are the prime factors of 7601?
11, 691
What are the prime factors of 2422?
2, 7, 173
List the prime factors of 9187.
9187
List the prime factors of 740.
2, 5, 37
List the prime factors of 1264.
2, 79
What are the prime factors of 1320?
2, 3, 5, 11
List the prime factors of 6587.
7, 941
List the prime factors of 76816.
2, 4801
List the prime factors of 2090.
2, 5, 11, 19
List the prime factors of 1069.
1069
What are the prime factors of 54575?
5, 37, 59
What are the prime factors of 136618?
2, 83, 823
List the prime factors of 2365.
5, 11, 43
What are the prime factors of 9437?
9437
What are the prime factors of 895?
5, 179
What are the prime factors of 220?
2, 5, 11
List the prime factors of 36702.
2, 3, 2039
List the prime factors of 1778.
2, 7, 127
What are the prime factors of 2836?
2, 709
What are the prime factors of 2031?
3, 677
What are the prime factors of 1936?
2, 11
List the prime factors of 674.
2, 337
List the prime factors of 11501.
7, 31, 53
List the prime factors of 26659.
53, 503
List the prime factors of 328.
2, 41
What are the prime factors of 8378?
2, 59, 71
List the prime factors of 101.
101
List the prime factors of 608.
2, 19
List the prime factors of 3879.
3, 431
List the prime factors of 2081.
2081
What are the prime factors of 105755?
5, 13, 1627
List the prime factors of 18124.
2, 23, 197
What are the prime factors of 77352?
2, 3, 11, 293
What are the prime factors of 20756?
2, 5189
What are the prime factors of 7476?
2, 3, 7, 89
What are the prime factors of 3864?
2, 3, 7, 23
What are the prime factors of 39982?
2, 19991
List the prime factors of 1807.
13, 139
What are the prime factors of 12?
2, 3
List the prime factors of 8229.
3, 13, 211
What are the prime factors of 708?
2, 3, 59
List the prime factors of 2609.
2609
What are the prime factors of 132752?
2, 8297
What are the prime factors of 6141?
3, 23, 89
What are the prime factors of 48?
2, 3
List the prime factors of 9772.
2, 7, 349
List the prime factors of 612.
2, 3, 17
What are the prime factors of 2305?
5, 461
What are the prime factors of 683?
683
List the prime factors of 9677.
9677
List the prime factors of 273.
3, 7, 13
List the prime factors of 341.
11, 31
What are the prime factors of 71?
71
List the prime factors of 8565.
3, 5, 571
List the prime factors of 6440.
2, 5, 7, 23
List the prime factors of 2184.
2, 3, 7, 13
List the prime factors of 3210.
2, 3, 5, 107
List the prime factors of 18657.
3, 691
List the prime factors of 7144.
2, 19, 47
List the prime factors of 115708.
2, 28927
What are the prime factors of 93846?
2, 3, 15641
What are the prime factors of 4523?
4523
What are the prime factors of 1825?
5, 73
List the prime factors of 1029.
3, 7
What are the prime factors of 3776?
2, 59
List the prime factors of 35237.
167, 211
List the prime factors of 2510.
2, 5, 251
List the prime factors of 6257.
6257
What are the prime factors of 30594?
2, 3, 5099
What are the prime factors of 1127?
7, 23
List the prime factors of 506.
2, 11, 23
List the prime factors of 13782.
2, 3, 2297
What are the prime factors of 15384?
2, 3, 641
What are the prime factors of 20853?
3, 7, 331
What are the prime factors of 2106?
2, 3, 13
What are the prime factors of 1427?
1427
List the prime factors of 1720.
2, 5, 43
What are the prime factors of 10735?
5, 19, 113
What are the prime factors of 1512?
2, 3, 7
List the prime factors of 10566.
2, 3, 587
What are the prime factors of 30259?
30259
What are the prime factors of 24325?
5, 7, 139
What are the prime factors of 570?
2, 3, 5, 19
List the prime factors of 1241.
17, 73
What are the prime factors of 8291?
8291
What are the prime factors of 34196?
2, 83, 103
List the prime factors of 2307.
3, 769
List the prime factors of 351.
3, 13
List the prime factors of 2626.
2, 13, 101
List the prime factors of 41329.
37, 1117
List the prime factors of 6953.
17, 409
List the prime factors of 789.
3, 263
What are the prime factors of 3459?
3, 1153
List the prime factors of 69670.
2, 5, 6967
List the prime factors of 1933.
1933
List the prime factors of 5893.
71, 83
What are the prime factors of 48824?
2, 17, 359
What are the prime factors of 3239?
41, 79
What are the prime factors of 14609?
7, 2087
What are the prime factors of 7151?
7151
List the prime factors of 473.
11, 43
List the prime factors of 1942.
2, 971
What are the prime factors of 3471?
3, 13, 89
List the prime factors of 139213.
17, 19, 431
What are the prime factors of 15915?
3, 5, 1061
What are the prime factors of 851?
23, 37
List the prime factors of 1273.
19, 67
What are the prime factors of 1075?
5, 43
What are the prime factors of 677?
677
List the prime factors of 289.
17
What are the prime factors of 1365?
3, 5, 7, 13
List the prime factors of 40865.
5, 11, 743
What are the prime factors of 1305?
3, 5, 29
What are the prime factors of 16851?
3, 41, 137
List the prime factors of 1915.
5, 383
What are the prime factors of 1857?
3, 619
List the prime factors of 34281.
3, 13, 293
What are the prime factors of 17275?
5, 691
List the prime factors of 4089.
3, 29, 47
What are the prime factors of 14677?
13, 1129
List the prime factors of 3227.
7, 461
List the prime factors of 1461.
3, 487
List the prime factors of 117258.
2, 3, 19543
List the prime factors of 5862.
2, 3, 977
List the prime factors of 817.
19, 43
List the prime factors of 4244.
2, 1061
What are the prime factors of 33706?
2, 19, 887
List the prime factors of 2769.
3, 13, 71
What are the prime factors of 886?
2, 443
What are the prime factors of 11214?
2, 3, 7, 89
What are the prime factors of 56040?
2, 3, 5, 467
What are the prime factors of 4202?
2, 11, 191
List the prime factors of 23949.
3, 887
List the prime factors of 18615.
3, 5, 17, 73
List the prime factors of 13049.
13049
List the prime factors of 16647.
3, 31, 179
What are the prime factors of 4176?
2, 3, 29
What are the prime factors of 103610?
2, 5, 13, 797
List the prime factors of 4398.
2, 3, 733
What are the prime factors of 29097?
3, 53, 61
What are the prime factors of 762?
2, 3, 127
List the prime factors of 38216.
2, 17, 281
What are the prime factors of 162?
2, 3
List the prime factors of 1487.
1487
List the prime factors of 49939.
49939
List the prime factors of 1763.
41, 43
List the prime factors of 118.
2, 59
What are the prime factors of 536?
2, 67
List the prime factors of 3133.
13, 241
What are the prime factors of 3821?
3821
What are the prime factors of 142?
2, 71
What are the prime factors of 18995?
5, 29, 131
What are the prime factors of 420?
2, 3, 5, 7
List the prime factors of 2297.
2297
List the prime factors of 20037.
3, 6679
What are the prime factors of 610?
2, 5, 61
List the prime factors of 813.
3, 271
List the prime factors of 48467.
17, 2851
List the prime factors of 12464.
2, 19, 41
List the prime factors of 153963.
3, 17107
What are the prime factors of 56762?
2, 101, 281
What are the prime factors of 33636?
2, 3, 2803
What are the prime factors of 5555?
5, 11, 101
What are the prime factors of 3057?
3, 1019
List the prime factors of 70096.
2, 13, 337
List the prime factors of 6978.
2, 3, 1163
What are the prime factors of 2042?
2, 1021
What are the prime factors of 6294?
2, 3, 1049
What are the prime factors of 2250?
2, 3, 5
What are the prime factors of 2728?
2, 11, 31
List the prime factors of 42710.
2, 5, 4271
List the prime factors of 57921.
3, 43, 449
List the prime factors of 18726.
2, 3, 3121
List the prime factors of 3050.
2, 5, 61
What are the prime factors of 4570?
2, 5, 457
List the prime factors of 729.
3
List the prime factors of 2625.
3, 5, 7
List the prime factors of 13322.
2, 6661
What are the prime factors of 27711?
3, 3079
List the prime factors of 37636.
2, 97
List the prime factors of 375.
3, 5
What are the prime factors of 2315?
5, 463
List the prime factors of 728.
2, 7, 13
What are the prime factors of 8792?
2, 7, 157
List the prime factors of 2895.
3, 5, 193
What are the prime factors of 2145?
3, 5, 11, 13
What are the prime factors of 573?
3, 191
What are the prime factors of 579?
3, 193
What are the prime factors of 12585?
3, 5, 839
What are the prime factors of 11208?
2, 3, 467
List the prime factors of 110.
2, 5, 11
List the prime factors of 1536.
2, 3
What are